n**2 + 642*n - 4234. Calculate t(7).
-34
Let p(n) = n**3 - 9*n**2 + 148*n - 773. What is p(6)?
7
Let a(z) = 219*z**2 - 1540*z + 31. What is a(7)?
-18
Let i(n) = -2*n**3 - 32*n**2 - 60*n - 909. Determine i(-16).
51
Let y(v) = -v**2 - 34*v - 263. Calculate y(-11).
-10
Let u(z) = -3*z**2 + 138*z + 571. What is u(-4)?
-29
Let o(d) = d**2 + 73*d - 2667. Give o(27).
33
Let r(o) = o**3 - 4*o**2 - 1246*o + 2497. What is r(2)?
-3
Let r(s) = -53*s - 1132. Calculate r(-20).
-72
Let s(t) = t**2 - 309*t + 4417. Calculate s(15).
7
Let y(x) = 31*x + 904. Calculate y(-24).
160
Let v(a) = 8*a**3 + 53*a**2 + 67*a + 2. Give v(-5).
-8
Let r(u) = -3*u**2 + 14*u + 3. What is r(7)?
-46
Let p(o) = 5*o + 363. Give p(-30).
213
Let t(r) = -r**2 - 9256*r + 46308. What is t(5)?
3
Let s(f) = -f**2 + 50*f - 243. Give s(5).
-18
Let q(b) = -b**2 + 47*b - 304. What is q(6)?
-58
Let y(c) = 14*c**2 + 1553*c - 153. Give y(-111).
-42
Let s(p) = p**3 + 66*p**2 + 746*p + 919. Determine s(-52).
-17
Let a(k) = k**3 + 5*k**2 - 15*k - 1. Give a(-6).
53
Let z(i) = -4*i**3 - 117*i**2 - 23*i + 216. Give z(-29).
42
Let h(u) = -24*u**2 + 113*u - 110. Determine h(1).
-21
Let c(f) = -f**2 - 72*f - 203. What is c(-70)?
-63
Let b(d) = -d + 6. Calculate b(3).
3
Let d(w) = 84*w - 1170. Give d(14).
6
Let k(y) = 457*y + 743. Give k(-2).
-171
Let z(o) = 15*o**2 - 74*o - 7. Calculate z(5).
-2
Let a(y) = 25*y**2 + 35*y - 83. Give a(2).
87
Let d(o) = 110*o**3 + 2*o**2 + 16*o - 16. What is d(1)?
112
Let m(t) = -763*t + 6860. Determine m(9).
-7
Let z(l) = -2*l**3 - 25*l**2 - 11*l + 482. What is z(-9)?
14
Let x(c) = -136*c - 123. What is x(-6)?
693
Let q(k) = 6*k**2 - 31*k + 7. What is q(5)?
2
Let j(o) = 2309*o + 11534. Calculate j(-5).
-11
Let x(r) = -r**2 - 41*r - 1479. Give x(-24).
-1071
Let j(x) = -43*x - 352. What is j(-10)?
78
Let f(n) = -n**3 + 8*n**2 - 10*n - 17. Determine f(6).
-5
Let a(y) = y**3 + 47*y**2 + 169*y - 231. Give a(-43).
-102
Let i(g) = 138*g**2 - 65*g - 2. Give i(1).
71
Let c(g) = -3*g**2 + 62*g - 287. What is c(11)?
32
Let g(n) = -3*n**3 + 19*n**2 + 14*n + 23. Give g(7).
23
Let d(s) = -s**3 + 48*s**2 + 6*s - 175. What is d(48)?
113
Let x(f) = 70*f. Determine x(2).
140
Let q(r) = 530*r**2 + 16*r - 12. Determine q(1).
534
Let s(r) = -2*r**3 - r**2 + 19*r - 131. What is s(0)?
-131
Let h(l) = -l**3 - 7*l**2 + 3411*l - 54. What is h(55)?
1
Let j(r) = -442*r + 107857. Determine j(244).
9
Let z(r) = r**2 + 42*r - 57. Give z(-37).
-242
Let u(t) = t**2 - 32*t + 175. What is u(18)?
-77
Let q(y) = -y**2 + 18*y - 31. What is q(15)?
14
Let k(w) = -207*w + 19266. Give k(93).
15
Let i(l) = -39*l + 783. Determine i(0).
783
Let h(v) = -22*v - 160. What is h(-6)?
-28
Let i(c) = -8*c**2 + 15*c + 74. Determine i(-2).
12
Let t(d) = -20*d + 31. Determine t(3).
-29
Let j(s) = 12*s + 1189. Determine j(-58).
493
Let i(d) = 49*d - 435. Give i(9).
6
Let a(t) = -33*t**2 + 88*t - 87. Calculate a(1).
-32
Let p(v) = -27*v - 381. Give p(-13).
-30
Let r(m) = -11*m - 337. What is r(-32)?
15
Let b(x) = -x**2 - 32*x + 3. What is b(-26)?
159
Let x(k) = k**3 - 130*k**2 - 131*k - 3. Calculate x(131).
-3
Let b(w) = w**2 - 25*w - 6. What is b(4)?
-90
Let m(a) = 33*a - 170. Determine m(2).
-104
Let d(p) = 151*p + 153. What is d(-1)?
2
Let j(z) = 1043*z - 236770. Calculate j(227).
-9
Let q(s) = 2*s**2 + 464*s + 13127. Determine q(-33).
-7
Let s(o) = 666*o - 16. Calculate s(-1).
-682
Let p(r) = r**2 - 17*r + 11. Give p(9).
-61
Let d(l) = -l**3 - 32*l**2 + 529*l + 22. Give d(12).
34
Let t(a) = 9*a**2 - 336*a - 592. What is t(39)?
-7
Let w(v) = -283*v**3 + 2*v + 2. What is w(-1)?
283
Let h(k) = 23*k - 41. What is h(3)?
28
Let r(j) = 1085*j**2 + 119*j + 119. Determine r(-1).
1085
Let m(k) = 11*k**2 - 549*k - 83. Calculate m(50).
-33
Let t(x) = -x**3 - 34*x**2 - 3*x + 34. What is t(-34)?
136
Let h(i) = 11*i + 252. What is h(-29)?
-67
Let n(c) = c**2 - 13*c - 231. Calculate n(25).
69
Let p(f) = -85*f + 299. Determine p(3).
44
Let l(o) = -15*o - 900. What is l(-52)?
-120
Let f(o) = 4*o**3 + 291*o**2 - 377*o - 530. Determine f(-74).
-12
Let g(q) = 170*q - 2552. Determine g(15).
-2
Let b(z) = 8*z - 396. Calculate b(51).
12
Let b(q) = 6*q**2 + 12*q + 6. Determine b(-1).
0
Let n(t) = -2*t**3 + 13*t**2 + 3*t + 88. What is n(8)?
-80
Let m(g) = -2*g**2 - 87*g - 398. Give m(-38).
20
Let b(t) = 7*t**2 + 100*t + 11. Calculate b(-7).
-346
Let x(h) = 35*h**2 - 121*h - 632. Give x(-5).
848
Let n(g) = -196*g - 13700. What is n(-70)?
20
Let j(g) = -2*g**3 - 87*g**2 + 44*g + 3. Give j(-44).
3
Let f(z) = -z**3 + 17*z**2 - 32*z + 31. Determine f(15).
1
Let q(w) = -2*w + 477. Determine q(0).
477
Let k(p) = -2*p**3 - p**2 - 5*p + 24. Calculate k(0).
24
Let c(p) = 3*p**2 + 164*p + 1556. Calculate c(-12).
20
Let j(g) = -10*g**2 + 1029*g + 102. Determine j(103).
-1
Let o(f) = -88*f + 1213. Give o(14).
-19
Let y(t) = t**3 - 3*t**2 + t - 31. Calculate y(6).
83
Let x(n) = n**2 - 42*n + 236. Give x(29).
-141
Let c(u) = 2*u**3 + 17*u**2 + 34*u + 6. Determine c(-3).
3
Let l(f) = f - 6. Determine l(3).
-3
Let v(t) = 2*t**2 + 53*t - 727. Calculate v(12).
197
Let t(u) = u**3 - 3*u**2 - 103*u - 201. Give t(-2).
-15
Let k(g) = -260*g + 6508. Determine k(25).
8
Let n(c) = c**3 - 20*c**2 + 79*c - 70. Determine n(15).
-10
Let j(g) = g**3 + 2*g**2 + 12*g + 70. What is j(-6)?
-146
Let s(p) = -12*p - 92. Determine s(8).
-188
Let j(y) = 342*y + 10930. Determine j(-32).
-14
Let a(k) = -k**3 - 4*k**2 - 3*k + 7. Determine a(-4).
19
Let k(x) = -57*x - 29. Calculate k(-3).
142
Let s(j) = -8*j**2 + 8*j + 58. What is s(3)?
10
Let t(k) = -470*k + 4213. Determine t(9).
-17
Let p(y) = 475*y + 29464. What is p(-62)?
14
Let g(c) = c**3 + 72*c**2 + 205*c - 114. Determine g(-69).
24
Let j(u) = 502*u + 4535. Determine j(-9).
17
Let b(q) = -228*q - 641. Determine b(-3).
43
Let g(l) = -l**3 - 42*l**2 + 6*l + 286. Give g(-42).
34
Let h(m) = m**2 + 37*m - 563. Determine h(10).
-93
Let b(j) = 3*j**3 + 10*j**2 + 4*j - 15. Calculate b(-4).
-63
Let k(c) = 8*c**3 - 2*c**2 + 186*c - 375. Determine k(2).
53
Let h(r) = 117*r**3 + 2*r**2 + 5*r + 4. What is h(-1)?
-116
Let z(r) = -r**3 + 60*r**2 + 125*r - 91. What is z(62)?
-29
Let y(u) = -3*u**2 + 70*u + 443. Give y(-6).
-85
Let l(j) = 51*j - 76. Calculate l(3).
77
Let j(z) = 2*z**2 + 40*z + 243. Determine j(-7).
61
Let u(f) = 2*f**2 + 29*f - 4087. Determine u(-53).
-6
Let b(g) = -105*g + 8616. What is b(82)?
6
Let j(v) = -4*v**2 - 130*v - 36. Give j(-32).
28
Let p(v) = -273*v + 512. Determine p(2).
-34
Let r(d) = -187*d + 855. Give r(7).
-454
Let i(o) = -45*o - 83. Determine i(-6).
187
Let x(p) = 1318*p - 51447. What is x(39)?
-45
Let x(t) = -2*t**3 + 111*t**2 - 1319*t - 431. Determine x(38).
-13
Let n(f) = -f**2 - 55*f - 597. What is n(-40)?
3
Let h(s) = -s**3 - 2*s**2 + 4. Give h(-2).
4
Let d(w) = w**2 - 106*w - 928. Determine d(-8).
-16
Let g(t) = 121*t + 1342. Calculate g(-11).
11
Let p(x) = 2*x**2 + 35*x - 12. Determine p(-6).
-150
Let q(b) = -3*b**2 - 114*b + 1646. Give q(-49).
29
Let q(d) = d**2 + 164*d + 2041. What is q(-14)?
-59
Let a(i) = -29*i - 108. Give a(-5).
37
Let j(o) = -3*o**3 + 28*o**2 - 10*o - 21. Give j(9).
-30
Let h(j) = 11*j + 767. Determine h(-70).
-3
Let g(j) = 3*j**3 - 12*j**2 - 43*j - 23. Give g(8).
401
Let a(u) = 2*u**2 + 114*u + 101. Determine a(-56).
-11
Let q(p) = -p**2 - 13*p + 42. Determine q(-15).
12
Let t(k) = k**2 - 70*k + 898. Determine t(16).
34
Let w(t) = -3*t**3 + 32*t**2 + 129*t + 163. Give w(14).
9
Let l(v) = -10*v**2 - 362*v - 49. What is l(-36)?
23
Let y(i) = 2*i**3 + 181*i**2 + 236*i + 13136. Give y(-90).
-4
Let b(t) = 31*t + 1103. What is b(-34)?
49
Let g(r) = -19*r**2 - 591*r - 62. What is g(-31)?
0
Let c(f) = f**2 + 484*f - 9566. Calculate c(19).
-9
Let k(b) = 1114*b - 118094. Give k(106).
-10
Let d(h) = h**3 + 13*h**2 + 10*h - 38. Determine d(-10).
162
Let k(b) = -5*b**2 - 7*b + 14. What is k(5)?
-146
Let h(z) = -z**3 + 50*z**2 - 73*z + 1191. Determine h(49).
15
Let z(n) = 24*n**2 - 23*n - 46. What is z(-2)?
96
Let u(q) = q**2 + 96*q + 2265. Calculate u(-41).
10
Let r(n) = 1525*n - 85396. What is r(56)?
4
Let y(x) = 21*x + 1325. Give y(9).
1514
Let h(y) = -3*y**2 + 239*y + 88. What is h(80)?
8
Let s(i) = -i**2 - 4*i - 6. Calculate s(6).
-66
Let d(j) = j**3 - 12*j**2 + 2*j + 49. Determine d(-2).
